*i + 29. Is (-1)/(-1*i/6172) a composite number?
False
Suppose -l + g = -4*l + 19, 4*l - 3*g - 34 = 0. Suppose -l*y + 5*y + 1406 = 0. Is y composite?
True
Is ((-380)/30)/((-6)/2817) a composite number?
True
Suppose n - 3 = 2, -2*n = -c - 10. Suppose 0*x - 7*x + 1463 = c. Is x prime?
False
Let r = -30 - -33. Suppose -454 + 115 = -r*h. Is h a prime number?
True
Suppose 5*v = 6*v - 3, 0 = -5*u - v + 75758. Is u a prime number?
False
Let i = -339 + 488. Is i a composite number?
False
Let d(i) = 3*i**2 + 12*i - 464. Is d(-33) a prime number?
False
Suppose 4*j + 3*f + 9 - 2 = 0, -f - 15 = -5*j. Suppose -j*h - 7*p = -2*p - 301, 0 = h - 4*p - 170. Is h a prime number?
False
Let a(x) = x**2 - 3*x + 4. Let h be a(4). Let s(q) = -h*q**2 - q**3 - q + 6 - 2*q**2 + q**2. Is s(-11) prime?
False
Let w(x) = 30*x**2 - 53*x + 48. Is w(17) a prime number?
True
Suppose -2*u + 27 = u. Let r(w) = 5*w - 9 - 18 + w + 28. Is r(u) a prime number?
False
Let l be (-8)/(-1)*(-6)/(-4). Suppose 4*o = -0*o + l, -4*a - o + 4731 = 0. Suppose -v = 3*n - 2*n - 293, 4*n - v - a = 0. Is n prime?
False
Suppose -4*w - 9 = -5*x, -4*w - 34 = 2*x - 4. Let s(b) = -b**3 - 3*b**2 + 2*b + 1. Let h be s(w). Suppose -f = -0*f - h. Is f composite?
False
Suppose -7*l = -8*l - 10*l. Is (l + -4153)/((-2)/2) prime?
True
Suppose 0 = -4*f - 3*x + 297, 0*x - 78 = -f + 3*x. Let u = 404 - f. Is u a prime number?
False
Let p(g) = g**3 + 6*g**2 + g - 3. Is p(8) a composite number?
True
Is (-173521)/(-4) - 15/12 prime?
False
Let n(l) = l**3 - l**2 + 3*l - 3. Let h(t) = -1. Let m(v) = 6*h(v) - n(v). Let d(s) = 2*s**2 - 18*s + 10. Let z be d(8). Is m(z) prime?
False
Let o(l) = 59*l**2 - 11*l - 17. Is o(13) prime?
True
Suppose -92056 = -15*p - 7066. Is p a composite number?
True
Suppose 6*x = x. Suppose x = -g - 83 + 412. Is g a prime number?
False
Let m = -22 + 14. Let s = 4 + m. Is (1 - (-27)/s)*-12 a prime number?
False
Let g = -60 - -31. Let i = 47 + g. Is 12/i*(-1353)/(-2) a composite number?
True
Suppose 2*g + 6 = 14. Suppose -12 = g*k - 8*k. Suppose k*x = 132 + 1323. Is x prime?
False
Suppose -p + 10 - 2 = 0. Suppose -61 = -n - p. Is n a composite number?
False
Let t(p) be the third derivative of -p**2 + 0*p + 0 + 7/60*p**5 - 1/120*p**6 - 1/24*p**4 + 7/6*p**3. Is t(6) a composite number?
False
Let k = -14 - -14. Suppose k = h - f + 9, 2*f - 25 = 5*h + f. Is (2/h)/((-2)/388) composite?
False
Let k(f) = 348*f**2 + 4*f + 11. Is k(5) composite?
False
Suppose -26 + 8 = 3*c. Let n = 385 + c. Is n a prime number?
True
Let t(l) be the second derivative of -l**4/12 + l**3/3 + 611*l**2/2 + 9*l - 2. Is t(0) a composite number?
True
Let a = -1636 + 2733. Is a a prime number?
True
Suppose -3*m - 2*m + 20 = 0. Suppose 2*k + b - 4 = 0, -2*k + b + 13 = 5. Suppose -131 = -m*h + k*w, 2*h - 6*w = -3*w + 61. Is h composite?
True
Suppose 18 = s - 3*m, 0 = 6*s - s + 5*m - 30. Let c(p) = -11 + 2*p**2 + 28 - 5*p - p**2 - 6. Is c(s) composite?
False
Let a(s) = 2*s - 6. Let k be a(4). Suppose j = -k*j. Suppose j = 5*x - 343 - 12. Is x composite?
False
Let h be 4/6 + (-348)/(-18). Let z = 23 - h. Is (z - 2)*(-658)/(-2) a composite number?
True
Let a(y) be the third derivative of 83*y**5/12 + y**4/6 - y**3/3 + y**2. Is a(1) a prime number?
False
Let c(y) = 789*y - 190. Is c(7) a prime number?
True
Let d(i) = -i**3 - 5*i**2 + 15*i - 10. Is d(-9) prime?
True
Let u be -15 - (-1 - 3*(-8)/12). Is (-401)/(-1) - u/8 a composite number?
True
Let o(c) = -5*c**3 - 5*c**2 - 8*c + 47. Is o(-9) composite?
False
Suppose -4*r = 4*w + 19000, -4*r + 5*w = -3*r + 4780. Suppose -18 = -6*s + 36. Is (-2)/s - r/135 composite?
True
Let h be 2/(-4)*(-3 - -1). Let z(b) = -b**2 + b. Let c(g) = 18*g**2 - 5*g - 1. Let i(n) = h*c(n) + 6*z(n). Is i(-4) a prime number?
False
Let z(t) = -t**3 + 27*t**2 - 13*t - 46. Let d be z(26). Let p be 1/4 - (-906)/(-8). Let f = d + p. Is f composite?
False
Suppose 2*b + 6*b = 3*b. Suppose b = 64*t - 67*t + 753. Is t a composite number?
False
Suppose 3*k = -4*o + 206, -4*o = 2*k - 0*o - 144. Suppose -a + 4*d = -431, -a - d = -354 - k. Is a a composite number?
False
Let s(a) = 8*a - 6. Let j be s(1). Let x(v) = -27*v**2 + 13*v - 6. Let h(o) = 13*o**2 - 6*o + 3. Let r(m) = 5*h(m) + 2*x(m). Is r(j) composite?
True
Let j = -6475 - -20366. Is j prime?
False
Suppose 2*b - 120 = -18. Suppose -b = -5*w - 1. Suppose 5*p + w = 625. Is p a prime number?
False
Suppose -3 = 2*u - 9. Suppose -4*v + v + u = 0, -x - 2*v + 133 = 0. Is x prime?
True
Let o(i) = -i**2 - 15*i + 16. Let a be o(-16). Suppose 12*d - 17*d - 180 = a. Let q = -14 - d. Is q prime?
False
Let x(r) = r**3 - 17*r**2 - 18*r - 1. Let t be x(18). Let m be ((-4)/8)/(t/18). Let z = 28 - m. Is z composite?
False
Suppose 0 = -4*k - 5*y - 50, -4*k = -0*k + 2*y + 44. Let c(f) = 2*f**2 - 14*f - 53. Is c(k) a prime number?
False
Suppose -4*m + 9*m = -5. Is (m + -3)*(-3)/((-12)/(-2477)) a prime number?
True
Let a(o) = -7*o**2 - o. Let k be a(-1). Let z = k - 14. Is -5*-662*(-2)/z a prime number?
True
Suppose 7*a - 13*a + 21858 = 0. Is a a prime number?
True
Is 1123/(-1*3*(-4)/36) prime?
False
Let s(n) = n**3 + n**2 + 2*n. Let r be s(0). Suppose -3*p + 455 + 304 = r. Is p composite?
True
Let j = 8 - 6. Suppose -j*w = -3*c - 3*w + 10, -3*c + 2*w - 2 = 0. Suppose -1788 = -4*z - 0*z + 4*l, 0 = -c*z - 4*l + 882. Is z a prime number?
False
Let x = 3 + 1. Suppose 0*o - 640 = -x*i - 4*o, -4*o + 151 = i. Let s = -84 + i. Is s prime?
True
Let i(g) = -5 + 2 + g**2 - g + 4*g**2 + g**2. Let c be i(-4). Suppose -6*p - c + 1495 = 0. Is p prime?
True
Suppose 3*t - 6*t + 3 = h, 0 = -3*h + 3*t - 3. Suppose 0*b - b = -3*z - 66, z = h. Suppose 248 - b = 2*s. Is s a composite number?
True
Let l(b) = b**3 - 3*b**2 + 21*b + 131. Is l(14) a prime number?
False
Suppose 2*l - 195 = -3. Suppose 262 - l = 2*m. Is m a composite number?
False
Suppose 5*m - 18 = -4*l, 4*m + 2 - 12 = -l. Suppose 0 = 2*v - j - 1265, -v = l*j - j - 640. Is v a composite number?
True
Let v(u) = -107*u - 11. Let z be v(-12). Let j = 2340 - z. Is j a composite number?
True
Suppose 6*k - 10649 - 2245 = 0. Is k composite?
True
Let s(t) = 41*t + 13. Let v be s(-3). Is (-596)/(-10) - (-66)/v a prime number?
True
Let c be (9/(-6))/((-3)/8). Let o(s) = 1485*s**3 - 9*s**2 - 9*s - 5. Let n(y) = -742*y**3 + 5*y**2 + 5*y + 3. Let k(q) = c*o(q) + 7*n(q). Is k(1) composite?
True
Let l be (-68 + -1)*104/12. Let a = 1007 + l. Is a a composite number?
False
Is 230480/40 + 36/4 a prime number?
False
Suppose 78*n - 79*n + 61 = 0. Suppose 3812 = n*y - 57*y. Is y a prime number?
True
Let a be (5/(-4))/(7/140). Let p = 131 + a. Is p a composite number?
True
Let s = -132107 - -210264. Is s a prime number?
True
Suppose 1542 = -w + 4*l, -61 = -3*w + 2*l - 4727. Let k = -819 - w. Is k a composite number?
False
Suppose 5*o - o - 25192 = 0. Let t = o - 3927. Is t prime?
True
Let w(i) = 12*i**2 - i + 1. Let p be w(1). Suppose -3*g + 33 = 4*d - 78, 3*g - 135 = -5*d. Suppose p*h - d = 4*h. Is h prime?
True
Let c(z) = -1 + 333*z - 1 + 4. Let x(a) = -a**3 + 17*a**2 - 12*a - 63. Let t be x(16). Is c(t) prime?
False
Suppose 4*l - 46 = 2*l + a, 2*a = -4. Suppose 2*h - 12 = l. Suppose -2*x - x = 3*n - 21, -3*n - 4*x = -h. Is n prime?
True
Suppose -2*s = 3*s, 0 = -3*p + 5*s + 10833. Is p composite?
True
Suppose 2*h = -2*a - a - 1, 4*h = -2*a + 2. Suppose -5 = -4*l - 5*m, -4*l + 0*m = 4*m - 4. Is 3 + (l - h) - -45 prime?
True
Let w(u) = -16*u + 11. Let y = -56 + 40. Is w(y) composite?
True
Suppose 5222 = z - 3*x + 1170, -4*z + 16191 = 5*x. Is z composite?
False
Suppose -33815 - 13920 = -5*a. Is a a prime number?
True
Is 5 + -2*5/(-20)*1164 composite?
False
Suppose 2*p = -g + 5196, 0 = -p + 2*g - 4*g + 2595. Is p a prime number?
False
Is 2/((-16)/(-8)) - 4666*-13 a composite number?
False
Let p = 1676 + 527. Is p a composite number?
False
Let o(q) = q**3 - 39*q**2 - 30*q - 215. Is o(58) a composite number?
False
Let d(n) = -5*n + 3. Let k be d(5). Let q be 9/12*1 + (-604)/16. Let l = k - q. Is l a composite number?
True
Suppose -v = -3*l + 2374, -v + 0 = 1. Let g = l - 346. Is g a composite number?
True
Let i = -8346 + 48095. Is i a prime number?
True
Let l be -1 + -1*(-3 + -13). Is (745/l)/((-1)/(-3)) a prime number?
True
Let y be 22/4 + (-14)/28. Suppose m = -4*o + 